{"id":10,"date":"2025-04-29T22:08:38","date_gmt":"2025-04-29T19:08:38","guid":{"rendered":"http:\/\/studis.bergbau-seelitz.de\/?page_id=10"},"modified":"2025-08-20T14:58:47","modified_gmt":"2025-08-20T12:58:47","slug":"fundstellen","status":"publish","type":"page","link":"https:\/\/bergbau-seelitz.de\/?page_id=10","title":{"rendered":"Fundstellen"},"content":{"rendered":"\n<style>\n\t#hotspot-1286 .hotspots-image-container,\n\t#hotspot-1286 .leaflet-container {\n\t\tbackground: #efefef\t}\n\n\t#hotspot-1286 .hotspots-placeholder {\n\t\tbackground: #2E2D29;\n\t\tborder: 0 #2E2D29 solid;\n\t\tcolor: #DFEBE5;\n\t}\n\n\t#hotspot-1286 .hotspot-title {\n\t\tcolor: #93C7A4;\n\t}\n\n\t\t\t#hotspot-1286 .hotspot-default {\n\t\t\tstroke-width: 2;\n\t\t\tfill: #ffffff;\n\t\t\tfill-opacity: 0;\n\t\t\tstroke: #ffffff;\n\t\t\tstroke-opacity: 0;\n\t\t}\n\t\t#hotspot-1286 .hotspot-default:hover,\n\t\t#hotspot-1286 .hotspot-default:focus-visible,\n\t\t#hotspot-1286 .hotspot-default.hotspot-active {\n\t\t\tfill: #3CA2A2;\n\t\t\tfill-opacity: 0.71;\n\t\t\tstroke: #235B6E;\n\t\t\tstroke-opacity: 1.01;\n\t\t}\n\t\t#hotspot-1286 .leaflet-tooltip,\n\t#hotspot-1286 .leaflet-rrose-content-wrapper {\n\t\tbackground: #2E2D29;\n\t\tborder-color: #2E2D29;\n\t\tcolor: #DFEBE5;\n\t}\n\n\t#hotspot-1286 a.leaflet-rrose-close-button {\n\t\tcolor: #93C7A4;\n\t}\n\n\t#hotspot-1286 .leaflet-rrose-tip {\n\t\tbackground: #2E2D29;\n\t}\n\n\t#hotspot-1286 .leaflet-popup-scrolled {\n\t\tborder-bottom-color: #DFEBE5;\n\t\tborder-top-color: #DFEBE5;\n\t}\n\n\t#hotspot-1286 .leaflet-tooltip-top:before {\n\t\tborder-top-color: #2E2D29;\n\t}\n\n\t#hotspot-1286 .leaflet-tooltip-bottom:before {\n\t\tborder-bottom-color: #2E2D29;\n\t}\n\t#hotspot-1286 .leaflet-tooltip-left:before {\n\t\tborder-left-color: #2E2D29;\n\t}\n\t#hotspot-1286 .leaflet-tooltip-right:before {\n\t\tborder-right-color: #2E2D29;\n\t}\n<\/style>\n\n\t\n\t<div class=\"hotspots-container links-only layout-left event-click\" id=\"hotspot-1286\" data-layout=\"left\" data-trigger=\"click\">\n\t\t<div class=\"hotspots-interaction\">\n\t\t\t<div class=\"hotspots-image-container\">\n\t<img\n\t\twidth=\"1240\"\n\t\theight=\"1826\"\n\t\tsrc=\"https:\/\/bergbau-seelitz.de\/wp-content\/uploads\/2025\/05\/transformed.jpeg\"\n\t\talt=\"Map_Fundstellen\"\n\t\tclass=\"hotspots-image skip-lazy\"\n\t\tusemap=\"#hotspots-image-1286\"\n\t\tdata-image-title=\"Map_Fundstellen\"\n\t\tdata-image-description=\"\"\n\t\tdata-event-trigger=\"click\"\n\t\tdata-always-visible=\"false\"\n\t\tdata-id=\"1286\"\n\t\tdata-no-lazy=\"1\"\n\t\tdata-lazy-src=\"\"\n\t\tdata-lazy=\"false\"\n\t\tloading=\"eager\"\n\t\tdata-skip-lazy=\"1\"\n\t\t>\n<\/div>\t\t<\/div>\n\t\t<map name=\"hotspots-image-1286\" class=\"hotspots-map\">\n\t\t\t\t\t\t\t\t\t\t\t<area\n\t\t\t\t\tshape=\"polygon\"\n\t\t\t\t\tcoords=\"546,154,546,132,577,132,577,154\"\n\t\t\t\t\thref=\"https:\/\/bergbau-seelitz.de\/?page_id=10#text1\"\n\t\t\t\t\trel=\"\"\n\t\t\t\t\ttitle=\"\"\n\t\t\t\t\talt=\"\"\n\t\t\t\t\tdata-action=\"url\"\n\t\t\t\t\tdata-color-scheme=\"\"\n\t\t\t\t\ttarget=\"\"\n\t\t\t\t\tclass=\"url-area\"\n\t\t\t\t\t>\n\t\t\t\t\t\t\t\t\t\t\t<area\n\t\t\t\t\tshape=\"polygon\"\n\t\t\t\t\tcoords=\"685,275,685,253,718,253,718,275\"\n\t\t\t\t\thref=\"https:\/\/bergbau-seelitz.de\/?page_id=10#text2\"\n\t\t\t\t\trel=\"\"\n\t\t\t\t\ttitle=\"\"\n\t\t\t\t\talt=\"\"\n\t\t\t\t\tdata-action=\"url\"\n\t\t\t\t\tdata-color-scheme=\"\"\n\t\t\t\t\ttarget=\"\"\n\t\t\t\t\tclass=\"url-area\"\n\t\t\t\t\t>\n\t\t\t\t\t\t\t\t\t\t\t<area\n\t\t\t\t\tshape=\"polygon\"\n\t\t\t\t\tcoords=\"1010,195,1010,175,1038,175,1038,195\"\n\t\t\t\t\thref=\"https:\/\/bergbau-seelitz.de\/?page_id=10#text3\"\n\t\t\t\t\trel=\"\"\n\t\t\t\t\ttitle=\"\"\n\t\t\t\t\talt=\"\"\n\t\t\t\t\tdata-action=\"url\"\n\t\t\t\t\tdata-color-scheme=\"\"\n\t\t\t\t\ttarget=\"\"\n\t\t\t\t\tclass=\"url-area\"\n\t\t\t\t\t>\n\t\t\t\t\t\t\t\t\t\t\t<area\n\t\t\t\t\tshape=\"polygon\"\n\t\t\t\t\tcoords=\"143,560,143,539,171,539,171,560\"\n\t\t\t\t\thref=\"https:\/\/bergbau-seelitz.de\/?page_id=10#text4\"\n\t\t\t\t\trel=\"\"\n\t\t\t\t\ttitle=\"\"\n\t\t\t\t\talt=\"\"\n\t\t\t\t\tdata-action=\"url\"\n\t\t\t\t\tdata-color-scheme=\"\"\n\t\t\t\t\ttarget=\"\"\n\t\t\t\t\tclass=\"url-area\"\n\t\t\t\t\t>\n\t\t\t\t\t\t\t\t\t\t\t<area\n\t\t\t\t\tshape=\"polygon\"\n\t\t\t\t\tcoords=\"577,581,577,558,605,558,605,581\"\n\t\t\t\t\thref=\"https:\/\/bergbau-seelitz.de\/?page_id=10#text5\"\n\t\t\t\t\trel=\"\"\n\t\t\t\t\ttitle=\"\"\n\t\t\t\t\talt=\"\"\n\t\t\t\t\tdata-action=\"url\"\n\t\t\t\t\tdata-color-scheme=\"\"\n\t\t\t\t\ttarget=\"\"\n\t\t\t\t\tclass=\"url-area\"\n\t\t\t\t\t>\n\t\t\t\t\t\t\t\t\t\t\t<area\n\t\t\t\t\tshape=\"polygon\"\n\t\t\t\t\tcoords=\"766,693,766,667,801,667,801,693\"\n\t\t\t\t\thref=\"https:\/\/bergbau-seelitz.de\/?page_id=10#text6\"\n\t\t\t\t\trel=\"\"\n\t\t\t\t\ttitle=\"\"\n\t\t\t\t\talt=\"\"\n\t\t\t\t\tdata-action=\"url\"\n\t\t\t\t\tdata-color-scheme=\"\"\n\t\t\t\t\ttarget=\"\"\n\t\t\t\t\tclass=\"url-area\"\n\t\t\t\t\t>\n\t\t\t\t\t\t\t\t\t\t\t<area\n\t\t\t\t\tshape=\"polygon\"\n\t\t\t\t\tcoords=\"57,658,57,634,86,634,86,658\"\n\t\t\t\t\thref=\"https:\/\/bergbau-seelitz.de\/?page_id=10#text7\"\n\t\t\t\t\trel=\"\"\n\t\t\t\t\ttitle=\"\"\n\t\t\t\t\talt=\"\"\n\t\t\t\t\tdata-action=\"url\"\n\t\t\t\t\tdata-color-scheme=\"\"\n\t\t\t\t\ttarget=\"\"\n\t\t\t\t\tclass=\"url-area\"\n\t\t\t\t\t>\n\t\t\t\t\t\t\t\t\t\t\t<area\n\t\t\t\t\tshape=\"polygon\"\n\t\t\t\t\tcoords=\"218,706,218,683,249,683,249,706\"\n\t\t\t\t\thref=\"https:\/\/bergbau-seelitz.de\/?page_id=10#text8\"\n\t\t\t\t\trel=\"\"\n\t\t\t\t\ttitle=\"\"\n\t\t\t\t\talt=\"\"\n\t\t\t\t\tdata-action=\"url\"\n\t\t\t\t\tdata-color-scheme=\"\"\n\t\t\t\t\ttarget=\"\"\n\t\t\t\t\tclass=\"url-area\"\n\t\t\t\t\t>\n\t\t\t\t\t\t\t\t\t\t\t<area\n\t\t\t\t\tshape=\"polygon\"\n\t\t\t\t\tcoords=\"290,730,290,709,320,709,320,730\"\n\t\t\t\t\thref=\"https:\/\/bergbau-seelitz.de\/?page_id=10#text9\"\n\t\t\t\t\trel=\"\"\n\t\t\t\t\ttitle=\"\"\n\t\t\t\t\talt=\"\"\n\t\t\t\t\tdata-action=\"url\"\n\t\t\t\t\tdata-color-scheme=\"\"\n\t\t\t\t\ttarget=\"\"\n\t\t\t\t\tclass=\"url-area\"\n\t\t\t\t\t>\n\t\t\t\t\t\t\t\t\t\t\t<area\n\t\t\t\t\tshape=\"polygon\"\n\t\t\t\t\tcoords=\"379,731,379,709,411,709,411,731\"\n\t\t\t\t\thref=\"https:\/\/bergbau-seelitz.de\/?page_id=10#text10\"\n\t\t\t\t\trel=\"\"\n\t\t\t\t\ttitle=\"\"\n\t\t\t\t\talt=\"\"\n\t\t\t\t\tdata-action=\"url\"\n\t\t\t\t\tdata-color-scheme=\"\"\n\t\t\t\t\ttarget=\"\"\n\t\t\t\t\tclass=\"url-area\"\n\t\t\t\t\t>\n\t\t\t\t\t\t\t\t\t\t\t<area\n\t\t\t\t\tshape=\"polygon\"\n\t\t\t\t\tcoords=\"410,705,410,681,441,681,441,705\"\n\t\t\t\t\thref=\"https:\/\/bergbau-seelitz.de\/?page_id=10#text11\"\n\t\t\t\t\trel=\"\"\n\t\t\t\t\ttitle=\"\"\n\t\t\t\t\talt=\"\"\n\t\t\t\t\tdata-action=\"url\"\n\t\t\t\t\tdata-color-scheme=\"\"\n\t\t\t\t\ttarget=\"\"\n\t\t\t\t\tclass=\"url-area\"\n\t\t\t\t\t>\n\t\t\t\t\t\t\t\t\t\t\t<area\n\t\t\t\t\tshape=\"polygon\"\n\t\t\t\t\tcoords=\"444,715,444,694,474,694,474,715\"\n\t\t\t\t\thref=\"https:\/\/bergbau-seelitz.de\/?page_id=10#text12\"\n\t\t\t\t\trel=\"\"\n\t\t\t\t\ttitle=\"\"\n\t\t\t\t\talt=\"\"\n\t\t\t\t\tdata-action=\"url\"\n\t\t\t\t\tdata-color-scheme=\"\"\n\t\t\t\t\ttarget=\"\"\n\t\t\t\t\tclass=\"url-area\"\n\t\t\t\t\t>\n\t\t\t\t\t\t\t\t\t\t\t<area\n\t\t\t\t\tshape=\"polygon\"\n\t\t\t\t\tcoords=\"475,749,475,722,508,722,508,749\"\n\t\t\t\t\thref=\"https:\/\/bergbau-seelitz.de\/?page_id=10#text13\"\n\t\t\t\t\trel=\"\"\n\t\t\t\t\ttitle=\"\"\n\t\t\t\t\talt=\"\"\n\t\t\t\t\tdata-action=\"url\"\n\t\t\t\t\tdata-color-scheme=\"\"\n\t\t\t\t\ttarget=\"\"\n\t\t\t\t\tclass=\"url-area\"\n\t\t\t\t\t>\n\t\t\t\t\t\t\t\t\t\t\t<area\n\t\t\t\t\tshape=\"polygon\"\n\t\t\t\t\tcoords=\"513,699,513,678,545,678,545,699\"\n\t\t\t\t\thref=\"https:\/\/bergbau-seelitz.de\/?page_id=10#text14\"\n\t\t\t\t\trel=\"\"\n\t\t\t\t\ttitle=\"\"\n\t\t\t\t\talt=\"\"\n\t\t\t\t\tdata-action=\"url\"\n\t\t\t\t\tdata-color-scheme=\"\"\n\t\t\t\t\ttarget=\"\"\n\t\t\t\t\tclass=\"url-area\"\n\t\t\t\t\t>\n\t\t\t\t\t\t\t\t\t\t\t<area\n\t\t\t\t\tshape=\"polygon\"\n\t\t\t\t\tcoords=\"354,863,354,840,385,840,385,863\"\n\t\t\t\t\thref=\"https:\/\/bergbau-seelitz.de\/?page_id=10#text15\"\n\t\t\t\t\trel=\"\"\n\t\t\t\t\ttitle=\"\"\n\t\t\t\t\talt=\"\"\n\t\t\t\t\tdata-action=\"url\"\n\t\t\t\t\tdata-color-scheme=\"\"\n\t\t\t\t\ttarget=\"\"\n\t\t\t\t\tclass=\"url-area\"\n\t\t\t\t\t>\n\t\t\t\t\t\t\t\t\t\t\t<area\n\t\t\t\t\tshape=\"polygon\"\n\t\t\t\t\tcoords=\"437,856,437,831,472,831,472,856\"\n\t\t\t\t\thref=\"https:\/\/bergbau-seelitz.de\/?page_id=10#text16\"\n\t\t\t\t\trel=\"\"\n\t\t\t\t\ttitle=\"\"\n\t\t\t\t\talt=\"\"\n\t\t\t\t\tdata-action=\"url\"\n\t\t\t\t\tdata-color-scheme=\"\"\n\t\t\t\t\ttarget=\"\"\n\t\t\t\t\tclass=\"url-area\"\n\t\t\t\t\t>\n\t\t\t\t\t\t\t\t\t\t\t<area\n\t\t\t\t\tshape=\"polygon\"\n\t\t\t\t\tcoords=\"571,893,571,872,602,872,602,893\"\n\t\t\t\t\thref=\"https:\/\/bergbau-seelitz.de\/?page_id=10#text17\"\n\t\t\t\t\trel=\"\"\n\t\t\t\t\ttitle=\"\"\n\t\t\t\t\talt=\"\"\n\t\t\t\t\tdata-action=\"url\"\n\t\t\t\t\tdata-color-scheme=\"\"\n\t\t\t\t\ttarget=\"\"\n\t\t\t\t\tclass=\"url-area\"\n\t\t\t\t\t>\n\t\t\t\t\t\t\t\t\t\t\t<area\n\t\t\t\t\tshape=\"polygon\"\n\t\t\t\t\tcoords=\"579,844,579,822,607,822,607,844\"\n\t\t\t\t\thref=\"https:\/\/bergbau-seelitz.de\/?page_id=10#text18\"\n\t\t\t\t\trel=\"\"\n\t\t\t\t\ttitle=\"\"\n\t\t\t\t\talt=\"\"\n\t\t\t\t\tdata-action=\"url\"\n\t\t\t\t\tdata-color-scheme=\"\"\n\t\t\t\t\ttarget=\"\"\n\t\t\t\t\tclass=\"url-area\"\n\t\t\t\t\t>\n\t\t\t\t\t\t\t\t\t\t\t<area\n\t\t\t\t\tshape=\"polygon\"\n\t\t\t\t\tcoords=\"379,1033,379,1012,411,1012,411,1033\"\n\t\t\t\t\thref=\"https:\/\/bergbau-seelitz.de\/?page_id=10#text19\"\n\t\t\t\t\trel=\"\"\n\t\t\t\t\ttitle=\"\"\n\t\t\t\t\talt=\"\"\n\t\t\t\t\tdata-action=\"url\"\n\t\t\t\t\tdata-color-scheme=\"\"\n\t\t\t\t\ttarget=\"\"\n\t\t\t\t\tclass=\"url-area\"\n\t\t\t\t\t>\n\t\t\t\t\t\t\t\t\t\t\t<area\n\t\t\t\t\tshape=\"polygon\"\n\t\t\t\t\tcoords=\"721,1055,721,1031,752,1031,752,1055\"\n\t\t\t\t\thref=\"https:\/\/bergbau-seelitz.de\/?page_id=10#text20\"\n\t\t\t\t\trel=\"\"\n\t\t\t\t\ttitle=\"\"\n\t\t\t\t\talt=\"\"\n\t\t\t\t\tdata-action=\"url\"\n\t\t\t\t\tdata-color-scheme=\"\"\n\t\t\t\t\ttarget=\"\"\n\t\t\t\t\tclass=\"url-area\"\n\t\t\t\t\t>\n\t\t\t\t\t\t\t\t\t\t\t<area\n\t\t\t\t\tshape=\"polygon\"\n\t\t\t\t\tcoords=\"65,1193,65,1169,98,1169,98,1193\"\n\t\t\t\t\thref=\"https:\/\/bergbau-seelitz.de\/?page_id=10#text21\"\n\t\t\t\t\trel=\"\"\n\t\t\t\t\ttitle=\"\"\n\t\t\t\t\talt=\"\"\n\t\t\t\t\tdata-action=\"url\"\n\t\t\t\t\tdata-color-scheme=\"\"\n\t\t\t\t\ttarget=\"\"\n\t\t\t\t\tclass=\"url-area\"\n\t\t\t\t\t>\n\t\t\t\t\t\t\t\t\t\t\t<area\n\t\t\t\t\tshape=\"polygon\"\n\t\t\t\t\tcoords=\"133,1079,133,1056,162,1056,162,1079\"\n\t\t\t\t\thref=\"https:\/\/bergbau-seelitz.de\/?page_id=10#text22\"\n\t\t\t\t\trel=\"\"\n\t\t\t\t\ttitle=\"\"\n\t\t\t\t\talt=\"\"\n\t\t\t\t\tdata-action=\"url\"\n\t\t\t\t\tdata-color-scheme=\"\"\n\t\t\t\t\ttarget=\"\"\n\t\t\t\t\tclass=\"url-area\"\n\t\t\t\t\t>\n\t\t\t\t\t\t\t\t\t\t\t<area\n\t\t\t\t\tshape=\"polygon\"\n\t\t\t\t\tcoords=\"292,1121,292,1099,323,1099,323,1121\"\n\t\t\t\t\thref=\"https:\/\/bergbau-seelitz.de\/?page_id=10#text23\"\n\t\t\t\t\trel=\"\"\n\t\t\t\t\ttitle=\"\"\n\t\t\t\t\talt=\"\"\n\t\t\t\t\tdata-action=\"url\"\n\t\t\t\t\tdata-color-scheme=\"\"\n\t\t\t\t\ttarget=\"\"\n\t\t\t\t\tclass=\"url-area\"\n\t\t\t\t\t>\n\t\t\t\t\t\t\t\t\t\t\t<area\n\t\t\t\t\tshape=\"polygon\"\n\t\t\t\t\tcoords=\"418,1192,418,1168,446,1168,446,1192\"\n\t\t\t\t\thref=\"https:\/\/bergbau-seelitz.de\/?page_id=10#text24\"\n\t\t\t\t\trel=\"\"\n\t\t\t\t\ttitle=\"\"\n\t\t\t\t\talt=\"\"\n\t\t\t\t\tdata-action=\"url\"\n\t\t\t\t\tdata-color-scheme=\"\"\n\t\t\t\t\ttarget=\"\"\n\t\t\t\t\tclass=\"url-area\"\n\t\t\t\t\t>\n\t\t\t\t\t\t\t\t\t\t\t<area\n\t\t\t\t\tshape=\"polygon\"\n\t\t\t\t\tcoords=\"1193,1380,1193,1358,1221,1358,1221,1380\"\n\t\t\t\t\thref=\"https:\/\/bergbau-seelitz.de\/?page_id=10#text25\"\n\t\t\t\t\trel=\"\"\n\t\t\t\t\ttitle=\"\"\n\t\t\t\t\talt=\"\"\n\t\t\t\t\tdata-action=\"url\"\n\t\t\t\t\tdata-color-scheme=\"\"\n\t\t\t\t\ttarget=\"\"\n\t\t\t\t\tclass=\"url-area\"\n\t\t\t\t\t>\n\t\t\t\t\t\t\t\t\t\t\t<area\n\t\t\t\t\tshape=\"polygon\"\n\t\t\t\t\tcoords=\"742,1515,742,1492,771,1492,771,1515\"\n\t\t\t\t\thref=\"https:\/\/bergbau-seelitz.de\/?page_id=10#text26\"\n\t\t\t\t\trel=\"\"\n\t\t\t\t\ttitle=\"\"\n\t\t\t\t\talt=\"\"\n\t\t\t\t\tdata-action=\"url\"\n\t\t\t\t\tdata-color-scheme=\"\"\n\t\t\t\t\ttarget=\"\"\n\t\t\t\t\tclass=\"url-area\"\n\t\t\t\t\t>\n\t\t\t\t\t<\/map>\n\n\t\t\n\t\t\t\t\t\t\t\t\t\t\t\t\t\t\t\t\t\t\t\t\t\t\t\t\t\t\t\t\t\t\t\t\t\t\t\t\t\t\t\t\t\t\t\t\t\t\t\t\t\t\t\t\t\t\t\t\t\t\t\t\t\t\t\t\t\t\t\t\t\t\t\t\t\t\t\t\t\t\t\t\t<\/div>\n\n\n\n\n\n<hr class=\"wp-block-separator has-alpha-channel-opacity\"\/>\n\n\n\n<p id=\"text1\"><strong>1<\/strong> Der \u201eGoldberg\u201c bei Kralapp \u2013 hier hat angeblich der T\u00f6pfermeister G\u00fcnther einen Silberklumpen gefunden und einen Schriftwechsel mit dem K\u00f6nig angesto\u00dfen, der aber nur eine Akte und keine Bergbauaktivit\u00e4ten fabriziert hat.<\/p>\n\n\n\n<p id=\"text2\"><strong>2<\/strong> Der \u201eHilfe Gottes Erbstolln\u201c im Silberloch bei Methau wird 1720 bis 1722 auf Basis einer Gewerkschaft berieben.<\/p>\n\n\n\n<p id=\"text3\"><strong>3<\/strong> Im Auenbachtal von Geringswalde Richtung Rinnm\u00fchle findet man 3 teils offene Mundl\u00f6cher ehemaliger Stolln, ein weiterer wurde bei Bauma\u00dfnahmen im Keller eines Privatgrundst\u00fccks entdeckt. Die Geschichte dazu ist unbekannt, jedoch handelt es sich um richtigen Bergbau mit einem Schacht, dessen Pinge man noch oberhalb des Mundlochs findet.<\/p>\n\n\n\n<p id=\"text4\"><strong>4<\/strong> Im Schlottergrund bei K\u00f6ttwitzsch soll es laut Prof. Pfau, einem regionalen Heimatforscher, Bergbauversuche gegeben haben.<\/p>\n\n\n\n<p id=\"text5\"><strong>5 <\/strong>Hinter der ehemaligen \u201eFichtenm\u00fchle\u201c bei D\u00f6hlen soll es nach alten Schriften ein Bergwerk gegeben haben, ein kaum noch sichtbares Mundloch zeugt heute noch davon.<\/p>\n\n\n\n<p id=\"text6\"><strong>6<\/strong> Bei Gr\u00f6blitz, an der \u201eNiederm\u00fchle\u201c und auf der Ostseite des Galgenberges wird um das 16. und 17. Jahrhundert mehrfach Bergbau erw\u00e4hnt, ein Pochwerk zwischen 2 M\u00fchlen hat f\u00fcr Streit um das Wasser gesorgt und bei Sachsendorf soll eine Schmelzh\u00fctte f\u00fcr Silbererze gestanden haben.<\/p>\n\n\n\n<p id=\"text7\"><strong>7<\/strong> Der \u201eErzberg\u201c bei Stollsdorf wird bei Prof. Pfau erw\u00e4hnt, m\u00f6glicherweise handelt es sich um uralten Eisenerzabbau.<\/p>\n\n\n\n<p id=\"text8\"><strong>8<\/strong> Vorkommen von Steinkohlen um Rochlitz werden bereits im 18. Jahrhundert erw\u00e4hnt. 1855 fanden sich nach Erstellung eines Gutachtens Mutige zusammen und gr\u00fcndeten eine Aktiengesellschaft, bei der 2.000 Teilhaber ihre gezahlten Vorsch\u00fcsse letztlich verloren. Die Kohlen waren nicht abbauw\u00fcrdig.<br><a href=\"https:\/\/bergbau-seelitz.de\/?page_id=75\" data-type=\"page\" data-id=\"75\">weiterlesen<\/a><\/p>\n\n\n\n<p id=\"text9\"><strong>9 <\/strong>Ein Bergwerk in der Rochlitzer \u201eSchlo\u00dfaue\u201c wird m\u00f6glicherweise bereits 1468 mit Beginn des hiesigen Bergbaus verliehen, sicher aber dann 1671 unter dem Namen \u201eZur lieben Einfalt\u201c.<\/p>\n\n\n\n<p id=\"text10\"><strong>10<\/strong> Am \u201eSchwalbenberg\u201c finden sich heute keine Spuren alten Bergbaus mehr, die Nachrichten dar\u00fcber in alten Schriften gelten aber als zuverl\u00e4ssig.<\/p>\n\n\n\n<p id=\"text11\"><strong>11<\/strong> Zwischen dem 14. und 16. Jahrhundert wurden an der Rochlitzer Mulde Goldseifenwerke betrieben, auch der bekannte Bergmeister Markus R\u00f6hling war daran beteiligt.<\/p>\n\n\n\n<p id=\"text12\"><strong>12<\/strong> Am Junkerberg wird wiederholt alter Bergbau erw\u00e4hnt. Best\u00e4tigt ist die Verleihung von 1518 an Andr Graubingk.<\/p>\n\n\n\n<p id=\"text13\"><strong>13 <\/strong>\u201eIn der Lippe\u201c ist ein uralter Flurname, auch hier soll es laut Chroniken Bergbau gegeben haben.<\/p>\n\n\n\n<p id=\"text14\"><strong>14<\/strong> Bergbau am Rochlitzer \u201eGalgenberg\u201c, einer fr\u00fcheren Hinrichtungsst\u00e4tte, wird schon in der \u201eMei\u00dfnischen Bergchronik\u201c 1590 erw\u00e4hnt und taucht letztmalig in einem Bergbelehnungsbuch 1710 als \u201eHeilige Dreifaltigkeit\u201c auf.<\/p>\n\n\n\n<p id=\"text15\"><strong>15<\/strong> Im \u201eSpitalholz\u201c am Bieserner Borstel wird 1679 ein Erbstolln \u201eDie Best\u00e4ndigkeit\u201c verliehen.<\/p>\n\n\n\n<p id=\"text16\"><strong>16<\/strong> Am \u201eVogelsang\u201c zwischen Z\u00f6llnitz und Biesern befindet sich die einst bedeutendste Silbergrube der Region. 1468 erstmals erw\u00e4hnt, wurde um 1512 unter Beteiligung von Johannes Mathesius und 1556 unter gro\u00dfen Investitionen einer Gewerkschaft Bergbau betrieben, der anschlie\u00dfend wohl zum Erliegen kam. Die Radstube aus der letzten Betriebsperiode ist heute noch erhalten.<br><a href=\"https:\/\/bergbau-seelitz.de\/?page_id=9\" data-type=\"page\" data-id=\"9\">weiterlesen<\/a><\/p>\n\n\n\n<p id=\"text17\"><strong>17<\/strong> Im Erlbachtal finden sich ausgedehnte Sch\u00fcrfgr\u00e4ben und Pingen als Sachzeugen oberfl\u00e4chlicher Bergbauversuche.<\/p>\n\n\n\n<p id=\"text18\"><strong>18<\/strong> Der \u201eHeilig Kreuz Stolln\u201c bei P\u00fcrsten z\u00e4hlt zu den 1468 erstmals erw\u00e4hnten Bergwerken, wurde offenbar bis Ende des 17. Jahrhunderts mehrfach wieder aufgenommen. Gel\u00e4ndespuren sind noch zu sehen, der verbrochene Stolln wurde durch die Bergsicherung Schneeberg 2009 gefunden. Die geplante Sanierung des Verbruchs durch das Oberbergamt liegt bis heute auf Eis.<\/p>\n\n\n\n<p id=\"text19\"><strong>19<\/strong> In einem T\u00e4lchen nahe Beedeln finden sich laut Aufzeichnungen Bl\u00f6cke von Quarz und Schwerspat, Sch\u00fcrfgr\u00e4ben deuten noch heute auf Abbauversuche hin.<\/p>\n\n\n\n<p id=\"text20\"><strong>20<\/strong> Wie viele Flurnamen der Rochlitzer Region deutet auch der \u201eSilberhack\u201c bei Winkeln auf eine gewisse Bergbaugeschichte hin, aktuell gibt es leider nur die historischen Erw\u00e4hnungen.<\/p>\n\n\n\n<p id=\"text21\"><strong>21<\/strong> Oberhalb der \u201eFinkenm\u00fchle\u201c im D\u00f6litzschtal wurden wohl 2003 von Unbekannten 2 Stolln mittels Bagger freigelegt und anschlie\u00dfend bergamtlich untersucht. Ein weiterer Stolln bleibt verbrochen. Wann sie entstanden sind, ist unklar.<\/p>\n\n\n\n<p id=\"text22\"><strong>22<\/strong> Im Selgetal bei Wechselburg befindet sich laut historischen Aufzeichnungen ein altes Bergbaugebiet, Spuren konnten wir leider noch nicht entdecken.<\/p>\n\n\n\n<p id=\"text23\"><strong>23 <\/strong>Im Silbertal bei Wechselburg muss schon vor hunderten Jahren Bergbau betrieben worden sein, der Flurname wird erstmals 1583 in den Rechnungen des Rochlitzer Amtes erw\u00e4hnt. Erhalten sind 2 wassergef\u00fcllte Sch\u00e4chte. Im Jahr 1833 wurde der vermutlich mittelalterliche Bergbau erneut aufgenommen, wohl aber ohne Erfolg. Nochmals im Jahr 1872 erfolgte eine Verleihung als \u201eWenntrock\u00b4s Gl\u00fcck\u201c, es wurde wohl nicht mehr aktiv abgebaut.&nbsp;<\/p>\n\n\n\n<p id=\"text24\"><strong>24<\/strong> Meusen: Ein Schurfschein wurde auf Herrn Sievers 1880 ausgestellt; da er wahrscheinlich keine Erze nachgewiesen hat schlie\u00dft sich die Akte 1882.<\/p>\n\n\n\n<p id=\"text25\"><strong>25<\/strong> Bei Frankenau sieht man heute noch deutlich die Tagebaue, wo nach dem 2. Weltkrieg minderwertige Braunkohle als Brennstoff gewonnen wurde.<\/p>\n\n\n\n<p id=\"text26\"><strong>26 <\/strong>Wiederau: Herr S\u00e4ttler wollte Silber abbauen, 1716 findet er in der Grube stattdessen Calcedonkugeln und nach der Beprobung in Dresden werden im Auftrag des K\u00f6nigs von 1717 bis 1721 Achate mit wechselndem Erfolg abgebaut, bis Wasserprobleme zur endg\u00fcltigen Aufgabe zwingen. Die Achate fanden Eingang in zahlreiche Schmuckgegenst\u00e4nde, unter anderem im Gr\u00fcnen Gew\u00f6lbe zu sehen. Die Spuren des Bergbaus sind heute komplett verschwunden.<br><a href=\"https:\/\/bergbau-seelitz.de\/?page_id=77\" data-type=\"page\" data-id=\"77\">weiterlesen<\/a><\/p>\n","protected":false},"excerpt":{"rendered":"<p>1 Der \u201eGoldberg\u201c bei Kralapp \u2013 hier hat angeblich der T\u00f6pfermeister G\u00fcnther einen Silberklumpen gefunden und einen Schriftwechsel mit dem K\u00f6nig angesto\u00dfen, der aber nur eine Akte und keine Bergbauaktivit\u00e4ten fabriziert hat. 2 Der \u201eHilfe Gottes Erbstolln\u201c im Silberloch bei Methau wird 1720 bis 1722 auf Basis einer Gewerkschaft berieben. 3 Im Auenbachtal von Geringswalde [&hellip;]<\/p>\n","protected":false},"author":1,"featured_media":0,"parent":0,"menu_order":0,"comment_status":"closed","ping_status":"closed","template":"","meta":{"footnotes":""},"class_list":["post-10","page","type-page","status-publish","hentry"],"_links":{"self":[{"href":"https:\/\/bergbau-seelitz.de\/index.php?rest_route=\/wp\/v2\/pages\/10","targetHints":{"allow":["GET"]}}],"collection":[{"href":"https:\/\/bergbau-seelitz.de\/index.php?rest_route=\/wp\/v2\/pages"}],"about":[{"href":"https:\/\/bergbau-seelitz.de\/index.php?rest_route=\/wp\/v2\/types\/page"}],"author":[{"embeddable":true,"href":"https:\/\/bergbau-seelitz.de\/index.php?rest_route=\/wp\/v2\/users\/1"}],"replies":[{"embeddable":true,"href":"https:\/\/bergbau-seelitz.de\/index.php?rest_route=%2Fwp%2Fv2%2Fcomments&post=10"}],"version-history":[{"count":9,"href":"https:\/\/bergbau-seelitz.de\/index.php?rest_route=\/wp\/v2\/pages\/10\/revisions"}],"predecessor-version":[{"id":1591,"href":"https:\/\/bergbau-seelitz.de\/index.php?rest_route=\/wp\/v2\/pages\/10\/revisions\/1591"}],"wp:attachment":[{"href":"https:\/\/bergbau-seelitz.de\/index.php?rest_route=%2Fwp%2Fv2%2Fmedia&parent=10"}],"curies":[{"name":"wp","href":"https:\/\/api.w.org\/{rel}","templated":true}]}}